{"id":2492,"date":"2025-12-22T23:36:27","date_gmt":"2025-12-22T23:36:27","guid":{"rendered":"https:\/\/butterflyeffect.com.ar\/index.php\/producto\/conjunto-bralette-diseno-y-tanga-suave-w414\/"},"modified":"2026-04-27T17:50:04","modified_gmt":"2026-04-27T17:50:04","slug":"conjunto-bralette-diseno-y-tanga-suave-w414","status":"publish","type":"product","link":"https:\/\/butterflyeffect.com.ar\/index.php\/producto\/conjunto-bralette-diseno-y-tanga-suave-w414\/","title":{"rendered":"Conjunto Bralette Dise\u00f1o Y Tanga Suave W414"},"content":{"rendered":"<p>Descubre el encanto del Conjunto Bralette Flores y Tanga Suave W414 de la marca Butterfly Effect, dise\u00f1ado especialmente para realzar la feminidad y la elegancia. Confeccionado en delicado tul y adornado con puntillas, este conjunto combina confort y sensualidad, convirti\u00e9ndolo en la opci\u00f3n ideal para momentos especiales.<\/p>\n<p>El bralette presenta un dise\u00f1o atractivo que se ajusta suavemente al cuerpo, proporcionando el soporte adecuado sin sacrificar la comodidad. Su tanga, a juego, complementa perfectamente la silueta, a\u00f1adiendo un toque coqueta y femenino a tu atuendo.<\/p>\n<p>Ideal para mujeres que buscan sentirse c\u00f3modas y sexys al mismo tiempo, el Conjunto W414 es perfecto para adolescentes y adultas que desean destacar su belleza y confianza. Ya sea para una ocasi\u00f3n especial o simplemente para consentirte a ti misma, este conjunto es una elecci\u00f3n que no te decepcionar\u00e1.<\/p>\n<p>Descubre la calidad y el estilo que solo Butterfly Effect puede ofrecerte. Cada pieza de este conjunto est\u00e1 pensada para abrazar tus curvas y resaltar tu sentido del estilo, convirti\u00e9ndolo en un b\u00e1sico indispensable en tu guardarropa \u00edntimo.<\/p>\n","protected":false},"excerpt":{"rendered":"<p>Descubre el encanto del Conjunto Bralette Flores y Tanga Suave W414 de la marca Butterfly Effect, dise\u00f1ado especialmente para realzar la feminidad y la elegancia. Confeccionado en delicado tul y adornado con puntillas, este conjunto combina confort y sensualidad, convirti\u00e9ndolo en la opci\u00f3n ideal para momentos especiales.<\/p>\n<p>El bralette presenta un dise\u00f1o atractivo que se ajusta suavemente al cuerpo, proporcionando el soporte adecuado sin sacrificar la comodidad. Su tanga, a juego, complementa perfectamente la silueta, a\u00f1adiendo un toque coqueta y femenino a tu atuendo.<\/p>\n<p>Ideal para mujeres que buscan sentirse c\u00f3modas y sexys al mismo tiempo, el Conjunto W414 es perfecto para adolescentes y adultas que desean destacar su belleza y confianza. Ya sea para una ocasi\u00f3n especial o simplemente para consentirte a ti misma, este conjunto es una elecci\u00f3n que no te decepcionar\u00e1.<\/p>\n<p>Descubre la calidad y el estilo que solo Butterfly Effect puede ofrecerte. Cada pieza de este conjunto est\u00e1 pensada para abrazar tus curvas y resaltar tu sentido del estilo, convirti\u00e9ndolo en un b\u00e1sico indispensable en tu guardarropa \u00edntimo.<\/p>\n","protected":false},"featured_media":2491,"comment_status":"open","ping_status":"closed","template":"","meta":[],"product_brand":[107],"product_cat":[141,77],"product_tag":[142,143,144],"class_list":{"0":"post-2492","1":"product","2":"type-product","3":"status-publish","4":"has-post-thumbnail","6":"product_brand-butterfly-effect","7":"product_cat-lenceria-sexy","8":"product_cat-productos","9":"product_tag-cola-less","10":"product_tag-lenceria","11":"product_tag-sexy","13":"entry","14":"has-media","16":"first","17":"instock","18":"shipping-taxable","19":"purchasable","20":"product-type-variable","21":"has-product-nav","22":"col","23":"span_1_of_4","24":"owp-content-center","25":"owp-thumbs-layout-horizontal","26":"owp-btn-normal","27":"owp-tabs-layout-horizontal"},"yoast_head":"<!-- This site is optimized with the Yoast SEO plugin v26.0 - https:\/\/yoast.com\/wordpress\/plugins\/seo\/ -->\n<title>Conjunto Bralette Dise\u00f1o Y Tanga Suave W414 -<\/title>\n<meta name=\"robots\" content=\"index, follow, max-snippet:-1, max-image-preview:large, max-video-preview:-1\" \/>\n<link rel=\"canonical\" href=\"https:\/\/butterflyeffect.com.ar\/index.php\/producto\/conjunto-bralette-diseno-y-tanga-suave-w414\/\" \/>\n<meta property=\"og:locale\" content=\"es_ES\" \/>\n<meta property=\"og:type\" content=\"article\" \/>\n<meta property=\"og:title\" content=\"Conjunto Bralette Dise\u00f1o Y Tanga Suave W414 -\" \/>\n<meta property=\"og:description\" content=\"Descubre el encanto del Conjunto Bralette Flores y Tanga Suave W414 de la marca Butterfly Effect, dise\u00f1ado especialmente para realzar la feminidad y la elegancia. Confeccionado en delicado tul y adornado con puntillas, este conjunto combina confort y sensualidad, convirti\u00e9ndolo en la opci\u00f3n ideal para momentos especiales.  El bralette presenta un dise\u00f1o atractivo que se ajusta suavemente al cuerpo, proporcionando el soporte adecuado sin sacrificar la comodidad. Su tanga, a juego, complementa perfectamente la silueta, a\u00f1adiendo un toque coqueta y femenino a tu atuendo.  Ideal para mujeres que buscan sentirse c\u00f3modas y sexys al mismo tiempo, el Conjunto W414 es perfecto para adolescentes y adultas que desean destacar su belleza y confianza. Ya sea para una ocasi\u00f3n especial o simplemente para consentirte a ti misma, este conjunto es una elecci\u00f3n que no te decepcionar\u00e1.  Descubre la calidad y el estilo que solo Butterfly Effect puede ofrecerte. Cada pieza de este conjunto est\u00e1 pensada para abrazar tus curvas y resaltar tu sentido del estilo, convirti\u00e9ndolo en un b\u00e1sico indispensable en tu guardarropa \u00edntimo.\" \/>\n<meta property=\"og:url\" content=\"https:\/\/butterflyeffect.com.ar\/index.php\/producto\/conjunto-bralette-diseno-y-tanga-suave-w414\/\" \/>\n<meta property=\"article:modified_time\" content=\"2026-04-27T17:50:04+00:00\" \/>\n<meta property=\"og:image\" content=\"https:\/\/butterflyeffect.com.ar\/wp-content\/uploads\/2025\/12\/D_982132-MLA89661325050_082025-F-600x600-1.webp\" \/>\n\t<meta property=\"og:image:width\" content=\"600\" \/>\n\t<meta property=\"og:image:height\" content=\"600\" \/>\n\t<meta property=\"og:image:type\" content=\"image\/webp\" \/>\n<meta name=\"twitter:card\" content=\"summary_large_image\" \/>\n<meta name=\"twitter:label1\" content=\"Tiempo de lectura\" \/>\n\t<meta name=\"twitter:data1\" content=\"1 minuto\" \/>\n<script type=\"application\/ld+json\" class=\"yoast-schema-graph\">{\"@context\":\"https:\/\/schema.org\",\"@graph\":[{\"@type\":\"WebPage\",\"@id\":\"https:\/\/butterflyeffect.com.ar\/index.php\/producto\/conjunto-bralette-diseno-y-tanga-suave-w414\/\",\"url\":\"https:\/\/butterflyeffect.com.ar\/index.php\/producto\/conjunto-bralette-diseno-y-tanga-suave-w414\/\",\"name\":\"Conjunto Bralette Dise\u00f1o Y Tanga Suave W414 -\",\"isPartOf\":{\"@id\":\"https:\/\/butterflyeffect.com.ar\/#website\"},\"primaryImageOfPage\":{\"@id\":\"https:\/\/butterflyeffect.com.ar\/index.php\/producto\/conjunto-bralette-diseno-y-tanga-suave-w414\/#primaryimage\"},\"image\":{\"@id\":\"https:\/\/butterflyeffect.com.ar\/index.php\/producto\/conjunto-bralette-diseno-y-tanga-suave-w414\/#primaryimage\"},\"thumbnailUrl\":\"https:\/\/butterflyeffect.com.ar\/wp-content\/uploads\/2025\/12\/D_982132-MLA89661325050_082025-F-600x600-1.webp\",\"datePublished\":\"2025-12-22T23:36:27+00:00\",\"dateModified\":\"2026-04-27T17:50:04+00:00\",\"breadcrumb\":{\"@id\":\"https:\/\/butterflyeffect.com.ar\/index.php\/producto\/conjunto-bralette-diseno-y-tanga-suave-w414\/#breadcrumb\"},\"inLanguage\":\"es\",\"potentialAction\":[{\"@type\":\"ReadAction\",\"target\":[\"https:\/\/butterflyeffect.com.ar\/index.php\/producto\/conjunto-bralette-diseno-y-tanga-suave-w414\/\"]}]},{\"@type\":\"ImageObject\",\"inLanguage\":\"es\",\"@id\":\"https:\/\/butterflyeffect.com.ar\/index.php\/producto\/conjunto-bralette-diseno-y-tanga-suave-w414\/#primaryimage\",\"url\":\"https:\/\/butterflyeffect.com.ar\/wp-content\/uploads\/2025\/12\/D_982132-MLA89661325050_082025-F-600x600-1.webp\",\"contentUrl\":\"https:\/\/butterflyeffect.com.ar\/wp-content\/uploads\/2025\/12\/D_982132-MLA89661325050_082025-F-600x600-1.webp\",\"width\":600,\"height\":600},{\"@type\":\"BreadcrumbList\",\"@id\":\"https:\/\/butterflyeffect.com.ar\/index.php\/producto\/conjunto-bralette-diseno-y-tanga-suave-w414\/#breadcrumb\",\"itemListElement\":[{\"@type\":\"ListItem\",\"position\":1,\"name\":\"Portada\",\"item\":\"https:\/\/butterflyeffect.com.ar\/\"},{\"@type\":\"ListItem\",\"position\":2,\"name\":\"Tienda\",\"item\":\"https:\/\/butterflyeffect.com.ar\/index.php\/tienda\/\"},{\"@type\":\"ListItem\",\"position\":3,\"name\":\"Conjunto Bralette Dise\u00f1o Y Tanga Suave W414\"}]},{\"@type\":\"WebSite\",\"@id\":\"https:\/\/butterflyeffect.com.ar\/#website\",\"url\":\"https:\/\/butterflyeffect.com.ar\/\",\"name\":\"Butterfly Effect\",\"description\":\"Premium Sex Tech Toys &amp; Cosmetica Intima\",\"publisher\":{\"@id\":\"https:\/\/butterflyeffect.com.ar\/#organization\"},\"potentialAction\":[{\"@type\":\"SearchAction\",\"target\":{\"@type\":\"EntryPoint\",\"urlTemplate\":\"https:\/\/butterflyeffect.com.ar\/?s={search_term_string}\"},\"query-input\":{\"@type\":\"PropertyValueSpecification\",\"valueRequired\":true,\"valueName\":\"search_term_string\"}}],\"inLanguage\":\"es\"},{\"@type\":\"Organization\",\"@id\":\"https:\/\/butterflyeffect.com.ar\/#organization\",\"name\":\"The Butterfly Effect\",\"url\":\"https:\/\/butterflyeffect.com.ar\/\",\"logo\":{\"@type\":\"ImageObject\",\"inLanguage\":\"es\",\"@id\":\"https:\/\/butterflyeffect.com.ar\/#\/schema\/logo\/image\/\",\"url\":\"https:\/\/butterflyeffect.com.ar\/wp-content\/uploads\/2023\/06\/cropped-LOGO-FINAL-BE-01.jpg\",\"contentUrl\":\"https:\/\/butterflyeffect.com.ar\/wp-content\/uploads\/2023\/06\/cropped-LOGO-FINAL-BE-01.jpg\",\"width\":766,\"height\":877,\"caption\":\"The Butterfly Effect\"},\"image\":{\"@id\":\"https:\/\/butterflyeffect.com.ar\/#\/schema\/logo\/image\/\"},\"sameAs\":[\"https:\/\/www.instagram.com\/butterflyeffect_ar\/\"]}]}<\/script>\n<!-- \/ Yoast SEO plugin. -->","yoast_head_json":{"title":"Conjunto Bralette Dise\u00f1o Y Tanga Suave W414 -","robots":{"index":"index","follow":"follow","max-snippet":"max-snippet:-1","max-image-preview":"max-image-preview:large","max-video-preview":"max-video-preview:-1"},"canonical":"https:\/\/butterflyeffect.com.ar\/index.php\/producto\/conjunto-bralette-diseno-y-tanga-suave-w414\/","og_locale":"es_ES","og_type":"article","og_title":"Conjunto Bralette Dise\u00f1o Y Tanga Suave W414 -","og_description":"Descubre el encanto del Conjunto Bralette Flores y Tanga Suave W414 de la marca Butterfly Effect, dise\u00f1ado especialmente para realzar la feminidad y la elegancia. Confeccionado en delicado tul y adornado con puntillas, este conjunto combina confort y sensualidad, convirti\u00e9ndolo en la opci\u00f3n ideal para momentos especiales.  El bralette presenta un dise\u00f1o atractivo que se ajusta suavemente al cuerpo, proporcionando el soporte adecuado sin sacrificar la comodidad. Su tanga, a juego, complementa perfectamente la silueta, a\u00f1adiendo un toque coqueta y femenino a tu atuendo.  Ideal para mujeres que buscan sentirse c\u00f3modas y sexys al mismo tiempo, el Conjunto W414 es perfecto para adolescentes y adultas que desean destacar su belleza y confianza. Ya sea para una ocasi\u00f3n especial o simplemente para consentirte a ti misma, este conjunto es una elecci\u00f3n que no te decepcionar\u00e1.  Descubre la calidad y el estilo que solo Butterfly Effect puede ofrecerte. Cada pieza de este conjunto est\u00e1 pensada para abrazar tus curvas y resaltar tu sentido del estilo, convirti\u00e9ndolo en un b\u00e1sico indispensable en tu guardarropa \u00edntimo.","og_url":"https:\/\/butterflyeffect.com.ar\/index.php\/producto\/conjunto-bralette-diseno-y-tanga-suave-w414\/","article_modified_time":"2026-04-27T17:50:04+00:00","og_image":[{"width":600,"height":600,"url":"https:\/\/butterflyeffect.com.ar\/wp-content\/uploads\/2025\/12\/D_982132-MLA89661325050_082025-F-600x600-1.webp","type":"image\/webp"}],"twitter_card":"summary_large_image","twitter_misc":{"Tiempo de lectura":"1 minuto"},"schema":{"@context":"https:\/\/schema.org","@graph":[{"@type":"WebPage","@id":"https:\/\/butterflyeffect.com.ar\/index.php\/producto\/conjunto-bralette-diseno-y-tanga-suave-w414\/","url":"https:\/\/butterflyeffect.com.ar\/index.php\/producto\/conjunto-bralette-diseno-y-tanga-suave-w414\/","name":"Conjunto Bralette Dise\u00f1o Y Tanga Suave W414 -","isPartOf":{"@id":"https:\/\/butterflyeffect.com.ar\/#website"},"primaryImageOfPage":{"@id":"https:\/\/butterflyeffect.com.ar\/index.php\/producto\/conjunto-bralette-diseno-y-tanga-suave-w414\/#primaryimage"},"image":{"@id":"https:\/\/butterflyeffect.com.ar\/index.php\/producto\/conjunto-bralette-diseno-y-tanga-suave-w414\/#primaryimage"},"thumbnailUrl":"https:\/\/butterflyeffect.com.ar\/wp-content\/uploads\/2025\/12\/D_982132-MLA89661325050_082025-F-600x600-1.webp","datePublished":"2025-12-22T23:36:27+00:00","dateModified":"2026-04-27T17:50:04+00:00","breadcrumb":{"@id":"https:\/\/butterflyeffect.com.ar\/index.php\/producto\/conjunto-bralette-diseno-y-tanga-suave-w414\/#breadcrumb"},"inLanguage":"es","potentialAction":[{"@type":"ReadAction","target":["https:\/\/butterflyeffect.com.ar\/index.php\/producto\/conjunto-bralette-diseno-y-tanga-suave-w414\/"]}]},{"@type":"ImageObject","inLanguage":"es","@id":"https:\/\/butterflyeffect.com.ar\/index.php\/producto\/conjunto-bralette-diseno-y-tanga-suave-w414\/#primaryimage","url":"https:\/\/butterflyeffect.com.ar\/wp-content\/uploads\/2025\/12\/D_982132-MLA89661325050_082025-F-600x600-1.webp","contentUrl":"https:\/\/butterflyeffect.com.ar\/wp-content\/uploads\/2025\/12\/D_982132-MLA89661325050_082025-F-600x600-1.webp","width":600,"height":600},{"@type":"BreadcrumbList","@id":"https:\/\/butterflyeffect.com.ar\/index.php\/producto\/conjunto-bralette-diseno-y-tanga-suave-w414\/#breadcrumb","itemListElement":[{"@type":"ListItem","position":1,"name":"Portada","item":"https:\/\/butterflyeffect.com.ar\/"},{"@type":"ListItem","position":2,"name":"Tienda","item":"https:\/\/butterflyeffect.com.ar\/index.php\/tienda\/"},{"@type":"ListItem","position":3,"name":"Conjunto Bralette Dise\u00f1o Y Tanga Suave W414"}]},{"@type":"WebSite","@id":"https:\/\/butterflyeffect.com.ar\/#website","url":"https:\/\/butterflyeffect.com.ar\/","name":"Butterfly Effect","description":"Premium Sex Tech Toys &amp; Cosmetica Intima","publisher":{"@id":"https:\/\/butterflyeffect.com.ar\/#organization"},"potentialAction":[{"@type":"SearchAction","target":{"@type":"EntryPoint","urlTemplate":"https:\/\/butterflyeffect.com.ar\/?s={search_term_string}"},"query-input":{"@type":"PropertyValueSpecification","valueRequired":true,"valueName":"search_term_string"}}],"inLanguage":"es"},{"@type":"Organization","@id":"https:\/\/butterflyeffect.com.ar\/#organization","name":"The Butterfly Effect","url":"https:\/\/butterflyeffect.com.ar\/","logo":{"@type":"ImageObject","inLanguage":"es","@id":"https:\/\/butterflyeffect.com.ar\/#\/schema\/logo\/image\/","url":"https:\/\/butterflyeffect.com.ar\/wp-content\/uploads\/2023\/06\/cropped-LOGO-FINAL-BE-01.jpg","contentUrl":"https:\/\/butterflyeffect.com.ar\/wp-content\/uploads\/2023\/06\/cropped-LOGO-FINAL-BE-01.jpg","width":766,"height":877,"caption":"The Butterfly Effect"},"image":{"@id":"https:\/\/butterflyeffect.com.ar\/#\/schema\/logo\/image\/"},"sameAs":["https:\/\/www.instagram.com\/butterflyeffect_ar\/"]}]}},"_links":{"self":[{"href":"https:\/\/butterflyeffect.com.ar\/index.php\/wp-json\/wp\/v2\/product\/2492","targetHints":{"allow":["GET"]}}],"collection":[{"href":"https:\/\/butterflyeffect.com.ar\/index.php\/wp-json\/wp\/v2\/product"}],"about":[{"href":"https:\/\/butterflyeffect.com.ar\/index.php\/wp-json\/wp\/v2\/types\/product"}],"replies":[{"embeddable":true,"href":"https:\/\/butterflyeffect.com.ar\/index.php\/wp-json\/wp\/v2\/comments?post=2492"}],"wp:featuredmedia":[{"embeddable":true,"href":"https:\/\/butterflyeffect.com.ar\/index.php\/wp-json\/wp\/v2\/media\/2491"}],"wp:attachment":[{"href":"https:\/\/butterflyeffect.com.ar\/index.php\/wp-json\/wp\/v2\/media?parent=2492"}],"wp:term":[{"taxonomy":"product_brand","embeddable":true,"href":"https:\/\/butterflyeffect.com.ar\/index.php\/wp-json\/wp\/v2\/product_brand?post=2492"},{"taxonomy":"product_cat","embeddable":true,"href":"https:\/\/butterflyeffect.com.ar\/index.php\/wp-json\/wp\/v2\/product_cat?post=2492"},{"taxonomy":"product_tag","embeddable":true,"href":"https:\/\/butterflyeffect.com.ar\/index.php\/wp-json\/wp\/v2\/product_tag?post=2492"}],"curies":[{"name":"wp","href":"https:\/\/api.w.org\/{rel}","templated":true}]}}