{"id":1761,"date":"2025-12-17T15:03:56","date_gmt":"2025-12-17T15:03:56","guid":{"rendered":"https:\/\/butterflyeffect.com.ar\/index.php\/producto\/perfume-splash-perfume-hombre-erba-be-feromonas-300-ml\/"},"modified":"2026-04-26T03:58:26","modified_gmt":"2026-04-26T03:58:26","slug":"perfume-splash-perfume-hombre-erba-be-feromonas-300-ml","status":"publish","type":"product","link":"https:\/\/butterflyeffect.com.ar\/index.php\/producto\/perfume-splash-perfume-hombre-erba-be-feromonas-300-ml\/","title":{"rendered":"Perfume Splash Perfume Hombre Erba Be Feromonas 300 Ml"},"content":{"rendered":"<p>ERBA body splash \u00e1rabe<br \/>\n*erba Encienda sus sentidos con la cautivadora esencia de Erba , una majestuosa fragancia unisex que desprende un aire de riqueza y misterio. Este perfume rinde homenaje a la elegancia y el encanto del terciopelo a trav\u00e9s de su mezcla \u00fanica de notas, desde entonces, ha sido un s\u00edmbolo de sofisticaci\u00f3n y clase.<\/p>\n<p>Erba  se abre con un tr\u00edo de notas de salida vibrantes y refrescantes de naranja de Sicilia, bergamota de Calabria y lim\u00f3n de Sicilia. Estos elementos c\u00edtricos evocan una sensaci\u00f3n de brillo y energ\u00eda, haciendo que la impresi\u00f3n inicial de esta fragancia sea realmente inolvidable. A estas notas vigorizantes les sigue un coraz\u00f3n repleto de un bouquet afrutado, que a\u00f1ade una deliciosa dulzura que complementa a la perfecci\u00f3n las notas c\u00edtricas de salida.<\/p>\n<p>El fondo de esta fragancia es una armoniosa mezcla de almizcle blanco, vainilla de Madagascar y \u00e1mbar. Estas notas proporcionan un acabado c\u00e1lido y sensual, creando un aroma que es a la vez reconfortante y fascinante. Con un tama\u00f1o de 300ml, este spray EDP es ideal tanto para uso diario como para ocasiones especiales.<\/p>\n","protected":false},"excerpt":{"rendered":"<p>ERBA body splash \u00e1rabe<br \/>\n*erba Encienda sus sentidos con la cautivadora esencia de Erba , una majestuosa fragancia unisex que desprende un aire de riqueza y misterio. Este perfume rinde homenaje a la elegancia y el encanto del terciopelo a trav\u00e9s de su mezcla \u00fanica de notas, desde entonces, ha sido un s\u00edmbolo de sofisticaci\u00f3n y clase.<\/p>\n<p>Erba  se abre con un tr\u00edo de notas de salida vibrantes y refrescantes de naranja de Sicilia, bergamota de Calabria y lim\u00f3n de Sicilia. Estos elementos c\u00edtricos evocan una sensaci\u00f3n de brillo y energ\u00eda, haciendo que la impresi\u00f3n inicial de esta fragancia sea realmente inolvidable. A estas notas vigorizantes les sigue un coraz\u00f3n repleto de un bouquet afrutado, que a\u00f1ade una deliciosa dulzura que complementa a la perfecci\u00f3n las notas c\u00edtricas de salida.<\/p>\n<p>El fondo de esta fragancia es una armoniosa mezcla de almizcle blanco, vainilla de Madagascar y \u00e1mbar. Estas notas proporcionan un acabado c\u00e1lido y sensual, creando un aroma que es a la vez reconfortante y fascinante. Con un tama\u00f1o de 300ml, este spray EDP es ideal tanto para uso diario como para ocasiones especiales.<\/p>\n","protected":false},"featured_media":1760,"comment_status":"open","ping_status":"closed","template":"","meta":[],"product_brand":[107],"product_cat":[16,73,106],"product_tag":[],"class_list":{"0":"post-1761","1":"product","2":"type-product","3":"status-publish","4":"has-post-thumbnail","6":"product_brand-butterfly-effect","7":"product_cat-fragancias-para-el","8":"product_cat-perfumes-el","9":"product_cat-perfumes-ella","11":"entry","12":"has-media","14":"first","15":"outofstock","16":"shipping-taxable","17":"purchasable","18":"product-type-simple","19":"has-product-nav","20":"col","21":"span_1_of_4","22":"owp-content-center","23":"owp-thumbs-layout-horizontal","24":"owp-btn-normal","25":"owp-tabs-layout-horizontal"},"yoast_head":"<!-- This site is optimized with the Yoast SEO plugin v26.0 - https:\/\/yoast.com\/wordpress\/plugins\/seo\/ -->\n<title>Perfume Splash Perfume Hombre Erba Be Feromonas 300 Ml -<\/title>\n<meta name=\"robots\" content=\"index, follow, max-snippet:-1, max-image-preview:large, max-video-preview:-1\" \/>\n<link rel=\"canonical\" href=\"https:\/\/butterflyeffect.com.ar\/index.php\/producto\/perfume-splash-perfume-hombre-erba-be-feromonas-300-ml\/\" \/>\n<meta property=\"og:locale\" content=\"es_ES\" \/>\n<meta property=\"og:type\" content=\"article\" \/>\n<meta property=\"og:title\" content=\"Perfume Splash Perfume Hombre Erba Be Feromonas 300 Ml -\" \/>\n<meta property=\"og:description\" content=\"ERBA body splash \u00e1rabe *erba Encienda sus sentidos con la cautivadora esencia de Erba , una majestuosa fragancia unisex que desprende un aire de riqueza y misterio. Este perfume rinde homenaje a la elegancia y el encanto del terciopelo a trav\u00e9s de su mezcla \u00fanica de notas, desde entonces, ha sido un s\u00edmbolo de sofisticaci\u00f3n y clase. Erba se abre con un tr\u00edo de notas de salida vibrantes y refrescantes de naranja de Sicilia, bergamota de Calabria y lim\u00f3n de Sicilia. Estos elementos c\u00edtricos evocan una sensaci\u00f3n de brillo y energ\u00eda, haciendo que la impresi\u00f3n inicial de esta fragancia sea realmente inolvidable. A estas notas vigorizantes les sigue un coraz\u00f3n repleto de un bouquet afrutado, que a\u00f1ade una deliciosa dulzura que complementa a la perfecci\u00f3n las notas c\u00edtricas de salida. El fondo de esta fragancia es una armoniosa mezcla de almizcle blanco, vainilla de Madagascar y \u00e1mbar. Estas notas proporcionan un acabado c\u00e1lido y sensual, creando un aroma que es a la vez reconfortante y fascinante. Con un tama\u00f1o de 300ml, este spray EDP es ideal tanto para uso diario como para ocasiones especiales.\" \/>\n<meta property=\"og:url\" content=\"https:\/\/butterflyeffect.com.ar\/index.php\/producto\/perfume-splash-perfume-hombre-erba-be-feromonas-300-ml\/\" \/>\n<meta property=\"article:modified_time\" content=\"2026-04-26T03:58:26+00:00\" \/>\n<meta property=\"og:image\" content=\"https:\/\/butterflyeffect.com.ar\/wp-content\/uploads\/2025\/12\/D_725427-MLA89020844089_072025-F.jpg\" \/>\n\t<meta property=\"og:image:width\" content=\"406\" \/>\n\t<meta property=\"og:image:height\" content=\"1200\" \/>\n\t<meta property=\"og:image:type\" content=\"image\/jpeg\" \/>\n<meta name=\"twitter:card\" content=\"summary_large_image\" \/>\n<meta name=\"twitter:label1\" content=\"Tiempo de lectura\" \/>\n\t<meta name=\"twitter:data1\" content=\"1 minuto\" \/>\n<script type=\"application\/ld+json\" class=\"yoast-schema-graph\">{\"@context\":\"https:\/\/schema.org\",\"@graph\":[{\"@type\":\"WebPage\",\"@id\":\"https:\/\/butterflyeffect.com.ar\/index.php\/producto\/perfume-splash-perfume-hombre-erba-be-feromonas-300-ml\/\",\"url\":\"https:\/\/butterflyeffect.com.ar\/index.php\/producto\/perfume-splash-perfume-hombre-erba-be-feromonas-300-ml\/\",\"name\":\"Perfume Splash Perfume Hombre Erba Be Feromonas 300 Ml -\",\"isPartOf\":{\"@id\":\"https:\/\/butterflyeffect.com.ar\/#website\"},\"primaryImageOfPage\":{\"@id\":\"https:\/\/butterflyeffect.com.ar\/index.php\/producto\/perfume-splash-perfume-hombre-erba-be-feromonas-300-ml\/#primaryimage\"},\"image\":{\"@id\":\"https:\/\/butterflyeffect.com.ar\/index.php\/producto\/perfume-splash-perfume-hombre-erba-be-feromonas-300-ml\/#primaryimage\"},\"thumbnailUrl\":\"https:\/\/butterflyeffect.com.ar\/wp-content\/uploads\/2025\/12\/D_725427-MLA89020844089_072025-F.jpg\",\"datePublished\":\"2025-12-17T15:03:56+00:00\",\"dateModified\":\"2026-04-26T03:58:26+00:00\",\"breadcrumb\":{\"@id\":\"https:\/\/butterflyeffect.com.ar\/index.php\/producto\/perfume-splash-perfume-hombre-erba-be-feromonas-300-ml\/#breadcrumb\"},\"inLanguage\":\"es\",\"potentialAction\":[{\"@type\":\"ReadAction\",\"target\":[\"https:\/\/butterflyeffect.com.ar\/index.php\/producto\/perfume-splash-perfume-hombre-erba-be-feromonas-300-ml\/\"]}]},{\"@type\":\"ImageObject\",\"inLanguage\":\"es\",\"@id\":\"https:\/\/butterflyeffect.com.ar\/index.php\/producto\/perfume-splash-perfume-hombre-erba-be-feromonas-300-ml\/#primaryimage\",\"url\":\"https:\/\/butterflyeffect.com.ar\/wp-content\/uploads\/2025\/12\/D_725427-MLA89020844089_072025-F.jpg\",\"contentUrl\":\"https:\/\/butterflyeffect.com.ar\/wp-content\/uploads\/2025\/12\/D_725427-MLA89020844089_072025-F.jpg\",\"width\":406,\"height\":1200},{\"@type\":\"BreadcrumbList\",\"@id\":\"https:\/\/butterflyeffect.com.ar\/index.php\/producto\/perfume-splash-perfume-hombre-erba-be-feromonas-300-ml\/#breadcrumb\",\"itemListElement\":[{\"@type\":\"ListItem\",\"position\":1,\"name\":\"Portada\",\"item\":\"https:\/\/butterflyeffect.com.ar\/\"},{\"@type\":\"ListItem\",\"position\":2,\"name\":\"Tienda\",\"item\":\"https:\/\/butterflyeffect.com.ar\/index.php\/tienda\/\"},{\"@type\":\"ListItem\",\"position\":3,\"name\":\"Perfume Splash Perfume Hombre Erba Be Feromonas 300 Ml\"}]},{\"@type\":\"WebSite\",\"@id\":\"https:\/\/butterflyeffect.com.ar\/#website\",\"url\":\"https:\/\/butterflyeffect.com.ar\/\",\"name\":\"Butterfly Effect\",\"description\":\"Premium Sex Tech Toys &amp; Cosmetica Intima\",\"publisher\":{\"@id\":\"https:\/\/butterflyeffect.com.ar\/#organization\"},\"potentialAction\":[{\"@type\":\"SearchAction\",\"target\":{\"@type\":\"EntryPoint\",\"urlTemplate\":\"https:\/\/butterflyeffect.com.ar\/?s={search_term_string}\"},\"query-input\":{\"@type\":\"PropertyValueSpecification\",\"valueRequired\":true,\"valueName\":\"search_term_string\"}}],\"inLanguage\":\"es\"},{\"@type\":\"Organization\",\"@id\":\"https:\/\/butterflyeffect.com.ar\/#organization\",\"name\":\"The Butterfly Effect\",\"url\":\"https:\/\/butterflyeffect.com.ar\/\",\"logo\":{\"@type\":\"ImageObject\",\"inLanguage\":\"es\",\"@id\":\"https:\/\/butterflyeffect.com.ar\/#\/schema\/logo\/image\/\",\"url\":\"https:\/\/butterflyeffect.com.ar\/wp-content\/uploads\/2023\/06\/cropped-LOGO-FINAL-BE-01.jpg\",\"contentUrl\":\"https:\/\/butterflyeffect.com.ar\/wp-content\/uploads\/2023\/06\/cropped-LOGO-FINAL-BE-01.jpg\",\"width\":766,\"height\":877,\"caption\":\"The Butterfly Effect\"},\"image\":{\"@id\":\"https:\/\/butterflyeffect.com.ar\/#\/schema\/logo\/image\/\"},\"sameAs\":[\"https:\/\/www.instagram.com\/butterflyeffect_ar\/\"]}]}<\/script>\n<!-- \/ Yoast SEO plugin. -->","yoast_head_json":{"title":"Perfume Splash Perfume Hombre Erba Be Feromonas 300 Ml -","robots":{"index":"index","follow":"follow","max-snippet":"max-snippet:-1","max-image-preview":"max-image-preview:large","max-video-preview":"max-video-preview:-1"},"canonical":"https:\/\/butterflyeffect.com.ar\/index.php\/producto\/perfume-splash-perfume-hombre-erba-be-feromonas-300-ml\/","og_locale":"es_ES","og_type":"article","og_title":"Perfume Splash Perfume Hombre Erba Be Feromonas 300 Ml -","og_description":"ERBA body splash \u00e1rabe *erba Encienda sus sentidos con la cautivadora esencia de Erba , una majestuosa fragancia unisex que desprende un aire de riqueza y misterio. Este perfume rinde homenaje a la elegancia y el encanto del terciopelo a trav\u00e9s de su mezcla \u00fanica de notas, desde entonces, ha sido un s\u00edmbolo de sofisticaci\u00f3n y clase. Erba se abre con un tr\u00edo de notas de salida vibrantes y refrescantes de naranja de Sicilia, bergamota de Calabria y lim\u00f3n de Sicilia. Estos elementos c\u00edtricos evocan una sensaci\u00f3n de brillo y energ\u00eda, haciendo que la impresi\u00f3n inicial de esta fragancia sea realmente inolvidable. A estas notas vigorizantes les sigue un coraz\u00f3n repleto de un bouquet afrutado, que a\u00f1ade una deliciosa dulzura que complementa a la perfecci\u00f3n las notas c\u00edtricas de salida. El fondo de esta fragancia es una armoniosa mezcla de almizcle blanco, vainilla de Madagascar y \u00e1mbar. Estas notas proporcionan un acabado c\u00e1lido y sensual, creando un aroma que es a la vez reconfortante y fascinante. Con un tama\u00f1o de 300ml, este spray EDP es ideal tanto para uso diario como para ocasiones especiales.","og_url":"https:\/\/butterflyeffect.com.ar\/index.php\/producto\/perfume-splash-perfume-hombre-erba-be-feromonas-300-ml\/","article_modified_time":"2026-04-26T03:58:26+00:00","og_image":[{"width":406,"height":1200,"url":"https:\/\/butterflyeffect.com.ar\/wp-content\/uploads\/2025\/12\/D_725427-MLA89020844089_072025-F.jpg","type":"image\/jpeg"}],"twitter_card":"summary_large_image","twitter_misc":{"Tiempo de lectura":"1 minuto"},"schema":{"@context":"https:\/\/schema.org","@graph":[{"@type":"WebPage","@id":"https:\/\/butterflyeffect.com.ar\/index.php\/producto\/perfume-splash-perfume-hombre-erba-be-feromonas-300-ml\/","url":"https:\/\/butterflyeffect.com.ar\/index.php\/producto\/perfume-splash-perfume-hombre-erba-be-feromonas-300-ml\/","name":"Perfume Splash Perfume Hombre Erba Be Feromonas 300 Ml -","isPartOf":{"@id":"https:\/\/butterflyeffect.com.ar\/#website"},"primaryImageOfPage":{"@id":"https:\/\/butterflyeffect.com.ar\/index.php\/producto\/perfume-splash-perfume-hombre-erba-be-feromonas-300-ml\/#primaryimage"},"image":{"@id":"https:\/\/butterflyeffect.com.ar\/index.php\/producto\/perfume-splash-perfume-hombre-erba-be-feromonas-300-ml\/#primaryimage"},"thumbnailUrl":"https:\/\/butterflyeffect.com.ar\/wp-content\/uploads\/2025\/12\/D_725427-MLA89020844089_072025-F.jpg","datePublished":"2025-12-17T15:03:56+00:00","dateModified":"2026-04-26T03:58:26+00:00","breadcrumb":{"@id":"https:\/\/butterflyeffect.com.ar\/index.php\/producto\/perfume-splash-perfume-hombre-erba-be-feromonas-300-ml\/#breadcrumb"},"inLanguage":"es","potentialAction":[{"@type":"ReadAction","target":["https:\/\/butterflyeffect.com.ar\/index.php\/producto\/perfume-splash-perfume-hombre-erba-be-feromonas-300-ml\/"]}]},{"@type":"ImageObject","inLanguage":"es","@id":"https:\/\/butterflyeffect.com.ar\/index.php\/producto\/perfume-splash-perfume-hombre-erba-be-feromonas-300-ml\/#primaryimage","url":"https:\/\/butterflyeffect.com.ar\/wp-content\/uploads\/2025\/12\/D_725427-MLA89020844089_072025-F.jpg","contentUrl":"https:\/\/butterflyeffect.com.ar\/wp-content\/uploads\/2025\/12\/D_725427-MLA89020844089_072025-F.jpg","width":406,"height":1200},{"@type":"BreadcrumbList","@id":"https:\/\/butterflyeffect.com.ar\/index.php\/producto\/perfume-splash-perfume-hombre-erba-be-feromonas-300-ml\/#breadcrumb","itemListElement":[{"@type":"ListItem","position":1,"name":"Portada","item":"https:\/\/butterflyeffect.com.ar\/"},{"@type":"ListItem","position":2,"name":"Tienda","item":"https:\/\/butterflyeffect.com.ar\/index.php\/tienda\/"},{"@type":"ListItem","position":3,"name":"Perfume Splash Perfume Hombre Erba Be Feromonas 300 Ml"}]},{"@type":"WebSite","@id":"https:\/\/butterflyeffect.com.ar\/#website","url":"https:\/\/butterflyeffect.com.ar\/","name":"Butterfly Effect","description":"Premium Sex Tech Toys &amp; Cosmetica Intima","publisher":{"@id":"https:\/\/butterflyeffect.com.ar\/#organization"},"potentialAction":[{"@type":"SearchAction","target":{"@type":"EntryPoint","urlTemplate":"https:\/\/butterflyeffect.com.ar\/?s={search_term_string}"},"query-input":{"@type":"PropertyValueSpecification","valueRequired":true,"valueName":"search_term_string"}}],"inLanguage":"es"},{"@type":"Organization","@id":"https:\/\/butterflyeffect.com.ar\/#organization","name":"The Butterfly Effect","url":"https:\/\/butterflyeffect.com.ar\/","logo":{"@type":"ImageObject","inLanguage":"es","@id":"https:\/\/butterflyeffect.com.ar\/#\/schema\/logo\/image\/","url":"https:\/\/butterflyeffect.com.ar\/wp-content\/uploads\/2023\/06\/cropped-LOGO-FINAL-BE-01.jpg","contentUrl":"https:\/\/butterflyeffect.com.ar\/wp-content\/uploads\/2023\/06\/cropped-LOGO-FINAL-BE-01.jpg","width":766,"height":877,"caption":"The Butterfly Effect"},"image":{"@id":"https:\/\/butterflyeffect.com.ar\/#\/schema\/logo\/image\/"},"sameAs":["https:\/\/www.instagram.com\/butterflyeffect_ar\/"]}]}},"_links":{"self":[{"href":"https:\/\/butterflyeffect.com.ar\/index.php\/wp-json\/wp\/v2\/product\/1761","targetHints":{"allow":["GET"]}}],"collection":[{"href":"https:\/\/butterflyeffect.com.ar\/index.php\/wp-json\/wp\/v2\/product"}],"about":[{"href":"https:\/\/butterflyeffect.com.ar\/index.php\/wp-json\/wp\/v2\/types\/product"}],"replies":[{"embeddable":true,"href":"https:\/\/butterflyeffect.com.ar\/index.php\/wp-json\/wp\/v2\/comments?post=1761"}],"wp:featuredmedia":[{"embeddable":true,"href":"https:\/\/butterflyeffect.com.ar\/index.php\/wp-json\/wp\/v2\/media\/1760"}],"wp:attachment":[{"href":"https:\/\/butterflyeffect.com.ar\/index.php\/wp-json\/wp\/v2\/media?parent=1761"}],"wp:term":[{"taxonomy":"product_brand","embeddable":true,"href":"https:\/\/butterflyeffect.com.ar\/index.php\/wp-json\/wp\/v2\/product_brand?post=1761"},{"taxonomy":"product_cat","embeddable":true,"href":"https:\/\/butterflyeffect.com.ar\/index.php\/wp-json\/wp\/v2\/product_cat?post=1761"},{"taxonomy":"product_tag","embeddable":true,"href":"https:\/\/butterflyeffect.com.ar\/index.php\/wp-json\/wp\/v2\/product_tag?post=1761"}],"curies":[{"name":"wp","href":"https:\/\/api.w.org\/{rel}","templated":true}]}}